at is the hundreds digit of m?
8
Let h(x) = -x**2 + 2*x. Let d be h(8). Suppose 8*l - 856 = 200. Let t = l - d. What is the tens digit of t?
8
Suppose -5648 = -2*k + 888. Suppose 0 = -w - 3*x + 647, -13*w - k = -18*w - 4*x. What is the units digit of w?
6
Let k = 4916 + 1022. What is the units digit of k?
8
Let h(y) = 95*y**3 - 22*y**3 + 6 - 316*y**2 + 312*y**2 - y. What is the hundreds digit of h(2)?
5
Let p = -50 - -54. What is the hundreds digit of (-2)/p + (-558)/(-4)?
1
Suppose 7790 - 41375 = 15*y. Let z = y + 3757. What is the units digit of z?
8
Suppose 0 = -37*s + 35*s. Suppose 4*u + t - 2*t - 194 = s, 3*u + t = 142. What is the units digit of u?
8
Let m(j) be the second derivative of -j**4/12 + 4*j**3 + 3*j**2/2 - j + 3. What is the units digit of m(5)?
8
Suppose 134*k + 9335 = 3*x + 136*k, 5*x - 4*k = 15529. What is the thousands digit of x?
3
Suppose -22*l + 16457 = 3235. Let h(r) = 52*r**3 + 4*r**2 - 2*r - 2. Let n be h(2). Suppose 3*z = 2*g + l, 3*g + n = 2*z + 8*g. What is the tens digit of z?
0
Let x(d) = d + 4. Let n be x(-4). Suppose -75*a + 76*a - 284 = n. What is the hundreds digit of a?
2
Suppose 332*i - 354*i = -1304248. What is the thousands digit of i?
9
Let y(x) = 4*x**3 - 44*x**2 + 637*x - 53. What is the tens digit of y(22)?
5
Let w = 482458 + -695318. What is the units digit of 2/(-33) - w/165?
0
Suppose 19 = 2*a - 21. Suppose -4*c + 3*m = m - 30, 5*m + a = -c. What is the units digit of (0 - 0) + c*27 + -2?
3
Let g(o) = 1364*o**3 + o**2 + 1. Let u be g(1). Suppose -2*d + 0*d + f + 1376 = 0, -4*f + u = 2*d. What is the hundreds digit of d?
6
Let j = 48 - 27. Let q(y) be the first derivative of y**4/4 - 20*y**3/3 - 9*y**2 + 30*y - 1. What is the tens digit of q(j)?
9
Suppose -4*c + 67736 = 2*w - 20048, 0 = -5*c + 2*w + 109757. What is the thousands digit of c?
1
Suppose 171*i + 5634906 = 285*i. What is the tens digit of i?
2
Suppose -o + 6451 = -2*p, 98*o - 103*o + 4*p + 32285 = 0. What is the tens digit of o?
6
Let d(z) = -z**2 + z + 59. Let b be d(8). Suppose 0 = -b*c - 3*f + 1608, 8*f - 3*f - 25 = 0. What is the units digit of c?
1
Suppose -225363 + 563573 = 13*c - 194244. What is the tens digit of c?
5
Let a(w) = 2*w**3 + w**2 - 3*w + 3. Let v be a(1). Suppose 0*z - 3*z + 3*x = -1860, -v*x - 2481 = -4*z. What is the tens digit of z?
2
Let y = -76 - -95. Suppose -y - 16 = -7*h. Suppose 0 = h*a - 5*o - 736 + 311, 0 = 2*a - 4*o - 168. What is the units digit of a?
6
Suppose 0 = 2*g + 382 - 1542. Let u = -286 + g. What is the hundreds digit of u?
2
Suppose 2*g = 5*m + 47, g - 5*m - 13 = -2. Let w = 39 - g. What is the tens digit of -4*w/6*-47 - -3?
9
Suppose -2*t - n + 0*n = -39510, -2*n - 4 = 0. What is the ten thousands digit of t?
1
Let g = -7038 + 13280. What is the units digit of g?
2
Suppose -4*h + 678 = p - 659, -5390 = -4*p - 2*h. Suppose 4*a + 0*a - l = 5390, -p = -a + l. What is the hundreds digit of a?
3
Suppose -4*w - 3 - 17 = 0. Let y(k) = 6*k**2 + 12*k + 12. Let d be y(w). Suppose 0 = -g + 5*b + d - 26, 4*g - 3*b - 270 = 0. What is the units digit of g?
6
Let w(b) = 3*b**2 + 4*b - 2. Let g be ((-2)/6)/(17/102). Let a be w(g). Suppose y = -a*h + 57, 0 = 4*y + 3*h - 207 - 31. What is the tens digit of y?
6
Suppose 251*k - 250*k - 1958 = 0. Suppose 798 = 4*v - k. What is the units digit of v?
9
Let s(k) = 98*k**2 - k. Let b(z) = z + z + 582 - 597 - 4*z. Let j be b(-7). What is the tens digit of s(j)?
9
Suppose r = -3*k - 1, 0*r - r + 4 = 4*k. Let m = 1968 + -1945. Let s = r + m. What is the units digit of s?
7
Suppose -78*c + 77331 = -110415. What is the thousands digit of c?
2
Let k(t) = 2*t**2 + 11*t - 23. Let i be k(-12). Suppose 0 = 2*a - i + 127. Suppose a*p - 9 = 0, w = 4*w - 4*p - 258. What is the units digit of w?
0
Let p be 2*1*2/(-4)*-117. Let y = p - 113. What is the units digit of (y/(-48)*4)/((-2)/78)?
3
Let j = 9 + -5. Suppose -u + o = -1, -j*u + 12 = -7*o + 5*o. Suppose 0 = -z + u*z, 0 = d - 3*z - 220. What is the hundreds digit of d?
2
Let f(x) = x**3 + 8*x**2 - 32*x + 22. Suppose 0 = 20*r - 16*r + 36. What is the hundreds digit of f(r)?
2
Let i(x) = -12742*x + 11. What is the units digit of i(-2)?
5
What is the thousands digit of ((-44)/121)/2 + 1775848/44?
0
Suppose -4*x + 38912 = -28*b + 32*b, 0 = -2*b + 2*x + 19464. What is the hundreds digit of b?
7
Suppose -4*t + 7547 = l, 17984 - 2879 = 2*l - 3*t. What is the units digit of l?
1
Let f = 32 - 33. Let z be 29 - 0 - (f - 0). Suppose 6*n - 216 = z. What is the tens digit of n?
4
Suppose -4*g + 248 = 4*a + 892, g = -3*a - 163. Let m = 686 + g. What is the units digit of m?
6
Suppose 2*q + q + 4*k = 2508, -4197 = -5*q - k. Suppose q = 2*c - 0*c - 4*p, 0 = -2*p. What is the hundreds digit of c?
4
Let z = -481 - -485. Suppose -z*c + 3*h = -6829, 0 = 4*c - 9*h + 7*h - 6826. What is the units digit of c?
5
Let p(c) = -121*c + 4. Let r be p(1). What is the tens digit of 1/((-27)/6) - 1196/r?
1
Let h = -4098 - -10403. What is the units digit of h?
5
Let m(u) = 10*u**2 - 10*u + 23. Let j be 6*(-45)/72*8/(-3). What is the units digit of m(j)?
3
Suppose -32*a + 5*v + 20065 = -27*a, 0 = -3*a + 2*v + 12037. What is the tens digit of a?
1
Let n(r) = 138*r - 838. What is the thousands digit of n(27)?
2
Suppose 0 = 7*d - 28940 - 14845. Suppose 9*j = d - 1152. What is the tens digit of j?
6
Let y(j) = -28*j - 275. Let w be y(-10). Suppose -w*q + 4648 = -142. What is the tens digit of q?
5
Suppose 0 = -4*k + 4*p + 12, -7 = 5*p + 13. Let c(y) = 12*y**3 - 4*y**2 + 2*y + 1. Let r be c(1). Let f = r - k. What is the units digit of f?
2
Let t = -149 - -539. Suppose -2*j = j - 4*r - 229, 5*r = 5*j - t. What is the units digit of j?
3
Let h(g) = -5*g - 48. Let b be h(-12). Suppose 4*z = -m + b, -2*m + 5*m - 2 = 5*z. What is the tens digit of 3*m/(-8)*-104?
5
Let y be 1*((-3)/(-5) - (-21)/15). Suppose y*c = -4*k + 196 + 1102, -5*k + 1626 = -c. What is the units digit of k?
5
What is the tens digit of (-526)/11835 + 1124372/45?
8
Let y be (-1862)/(-646) + (4/(-34))/(-1). Suppose 0*q - r = 4*q - 704, -y*r + 880 = 5*q. What is the hundreds digit of q?
1
Suppose r = -r + 8. Suppose 3*h - 37 = -r*k, 5*h + 2*k - 53 - 18 = 0. Suppose 4*b - 3*m - 19 = -8*m, 5*m - h = 0. What is the units digit of b?
1
Let v(s) = 9*s + 58. Let p be v(-6). What is the hundreds digit of ((-1)/p*4)/(3/(-852))?
2
Suppose 279 = 10*k - 181. Let u = k + -105. Let h = 49 - u. What is the tens digit of h?
0
Let z(a) = 42*a**3 + a**2 - 50*a + 415. What is the hundreds digit of z(8)?
5
Let m = -176 - -178. What is the hundreds digit of ((-8)/m)/4 - -139?
1
Let g be 5086/18 + 132/297. Suppose -v = 5*t - g, 3*v - 1502 = -2*v + 4*t. What is the hundreds digit of v?
2
Let a(g) = g + 55. Let h(t) = -55. Let f(s) = -2*a(s) - 3*h(s). Let l be f(24). Let z = 29 - l. What is the units digit of z?
2
Let v(w) = -53*w**2 + 73*w + 400. Let m be v(-6). Let c = m - -3736. What is the hundreds digit of c?
7
What is the thousands digit of (-155 + 16 - 5)*(-113)/3?
5
Suppose 3*l = -i + 2912 + 1017, -i + 3943 = -4*l. What is the units digit of i?
5
Let o(b) be the second derivative of -13*b**2 - 40*b + b**4 - 5/6*b**3 - 1/20*b**5 + 0. What is the tens digit of o(11)?
4
Let v(r) = 10*r + 3. Let k = -21 + 101. Let u = 84 - k. What is the tens digit of v(u)?
4
Let x(f) = 19*f + 13. Let d be -16*(0 + (-2 - -1)). Let w = d - 10. What is the tens digit of x(w)?
2
Let y be -1 - (-9 - -4) - (-4 - -1). Suppose -y*x - o = -4*x + 398, -142 = x - 2*o. Let n = x - -235. What is the units digit of n?
1
Suppose 57*b - 117694 = -121*b + 3675664. What is the ten thousands digit of b?
2
Let b = 101699 - 32105. What is the units digit of b?
4
Suppose -3*r - 2604 = -d, 4*d - 5*r = -d + 12960. What is the units digit of d?
6
Let u(c) = c**2 - 6*c - 12. Let a = 50 - 45. Let i be u(a). Let x = i + 94. What is the units digit of x?
7
Suppose 626 = 7*n - 984. Suppose -n - 1430 = -10*c. What is the units digit of c?
6
Let b(t) = 175*t**2 - 17*t + 1. Let f = 132 + -134. What is the hundreds digit of b(f)?
7
Suppose -21061 - 28823 = -15*h + 11076. What is the tens digit of h?
6
Suppose -424881 = 48*x - 99*x. What is the tens digit of x?
3
Suppose -3*l = -2 - 10. Let d be (-994)/(-35) - l/10. What is the tens digit of d/(-10)*(-3 + -42)?
2
Le